et r be ((-82)/(-3))/(4/6). Does 56 divide 0 + 1002 - r/(205/(-30))?
True
Suppose 7*i = 52257 - 9123. Is i a multiple of 78?
True
Suppose 13*y + 95 = -6*y. Let l(c) = -200*c + 312. Is 11 a factor of l(y)?
False
Let y(q) = -q**3 + 4*q**2 - 2*q - 3. Let z be y(3). Suppose -4*j + m = 5*m - 196, z = 3*m - 9. Is j a multiple of 2?
True
Suppose -10*p = -8*p - 8. Does 18 divide 3*p/6*66?
False
Let d = 7 + 4457. Is 130 a factor of d?
False
Suppose -48*r + 6048 = 96*r. Does 7 divide r?
True
Let q = -191 + 187. Let m(w) = -3*w**3 + 4*w**2 - 9*w - 15. Is 8 a factor of m(q)?
False
Suppose -16*z + 13*z = -2*w + 2073, 3*w - 3152 = -4*z. Does 4 divide w?
True
Suppose 23*s - 6*s + 38*s - 1380500 = 0. Is 27 a factor of s?
False
Suppose 4*t = -y + 319, 0 = -5*t + 3*y - 0*y + 420. Let r = 45 - t. Let i = 76 + r. Is i a multiple of 8?
True
Let s = 3463 - 1372. Does 17 divide s?
True
Suppose 18*b - 1765 = 23*b. Let k be 1/4 + 1706/(-8). Let n = k - b. Is n a multiple of 28?
True
Let m be 2 + 5000 + 6/2 - -4. Suppose 0 = 22*j - 9313 - m. Is j a multiple of 31?
True
Suppose 2*c - 32 = -14. Let q = c + -15. Is 21 a factor of q/(-10) + 52/(-30)*-36?
True
Let z(q) = q**3 + 3*q**2 - 12*q - 4. Let n be z(-5). Suppose -n*o = 15*o - 9996. Does 34 divide o?
True
Let g = -596 + 264. Let i = g - -372. Is i a multiple of 7?
False
Suppose 312*t - 4985204 + 894884 = 0. Is t a multiple of 15?
True
Suppose -41*f + 133756 + 449920 = 0. Is f a multiple of 14?
False
Suppose -9842 = -36*y + 17*y. Suppose 604 = 4*i - c - y, -2*c = 4. Is i a multiple of 20?
True
Suppose -2*t + 3289 - 408 = r, -2*r - t = -5744. Is r a multiple of 19?
True
Let v be 108/378 + 1/(7/19). Suppose -u + 2 = -v*z, -2*u - 4*z + 2*z + 12 = 0. Suppose -3 = -2*p + 2*j + 1, 2*j - 45 = -u*p. Is p a multiple of 5?
False
Suppose -104*m + 105*m = 1. Let p(y) be the first derivative of 141*y**4/4 - 2*y**3/3 + y**2/2 - y + 2. Is p(m) a multiple of 7?
False
Does 5 divide (-43 - (-1045)/22)*(-10040)/(-6)?
True
Suppose 0 = 3*q - 61*b + 56*b - 17520, -q + 5840 = -3*b. Is q a multiple of 146?
True
Let p(a) = -66 + 21*a + 14 - 1. Let r = -16 - -24. Does 7 divide p(r)?
False
Suppose -75*y + 71*y + 114691 = 3*b, 5*y - 143355 = 5*b. Is y a multiple of 25?
False
Let r(a) = 5*a**3 - 20*a**2 + 9*a - 6. Let d be r(9). Suppose -29*l + 38848 = -d. Does 90 divide l?
False
Let f(b) = 2118*b - 14656. Does 40 divide f(12)?
True
Let v(r) = 6 + r + r**2 - 5 - 6*r**3 + 7*r**3. Let p be v(-1). Suppose 4*c - 306 + 86 = p. Does 11 divide c?
True
Suppose 2*q + 114 = 4*q - 4*y, 2*q = 3*y + 113. Suppose q = 4*k - 53. Suppose -x - 4*p + 5*p = -k, 0 = -4*x - 2*p + 132. Is x a multiple of 3?
False
Let w = -13583 + 24803. Does 33 divide w?
True
Let j(l) = -l**3 + 9*l**2 - 8*l + 50. Suppose -n = 3*p - 23, -3*p + 2*n - 4*n = -25. Is 16 a factor of j(p)?
False
Let a = 6226 - 4007. Let t = a - 1393. Does 7 divide t?
True
Let g(n) = n**3 - 2*n**2 - n + 1. Let p(w) = 93*w**3 + 5*w + 15. Let f(t) = -g(t) - p(t). Is 51 a factor of f(-2)?
False
Let k = -60 + -103. Does 15 divide 0*(-4)/28 - k?
False
Suppose 34*g - 311459 = -51971. Is 24 a factor of g?
True
Suppose 0 = -t + 4*b + 3839, -3*t + 11517 = -b - 4*b. Suppose -t = -4*i + 161. Is i a multiple of 47?
False
Suppose -3*o - 4*b + 722 = 0, -2*b = -4*o + 87 + 883. Let f = 418 - o. Does 8 divide f?
True
Let o(v) = 3*v - 11*v - 3*v - 5 + 6*v. Let w be o(-3). Suppose 56 = w*j - 24. Is 8 a factor of j?
True
Let x(g) = -g**2 - 20*g + 20. Let v(s) = 51*s**3 + 4*s**2 + 3*s + 6. Let r be v(-3). Let w be r/132 - (-4)/22. Does 6 divide x(w)?
True
Suppose -4*u + 76 = 4*p, 0 = -5*u - 1 - 9. Let g be 3/(((-8)/p)/(-8)). Let a = g - 46. Does 15 divide a?
False
Let d(v) = 2*v**2 - 12*v - 8. Let m be d(7). Suppose -4*y = -j + 22, -y = 2*j - m*y - 44. Suppose f + o = 3*f - 25, 2*f + 2*o = j. Is 12 a factor of f?
True
Suppose -5*o = -2*o, -a + o = 410. Let b = a + 583. Suppose -306 = -4*i + 5*u + b, -2*u = -2. Does 9 divide i?
False
Suppose -1462318 + 272662 = -117*x. Does 31 divide x?
True
Let y(b) = 5717*b**2 - 20*b + 1. Does 77 divide y(1)?
True
Let m = 2630 - 1382. Does 5 divide (m/(-80))/(4/(-10))?
False
Suppose -a = -4*a + 45. Is (-2)/a - (-272)/15 a multiple of 6?
True
Suppose -9*a - 5917 - 536 = -4*h, 0 = -4*h - 5*a + 6495. Is 30 a factor of h?
True
Suppose 120 = 11*p + 43. Suppose 0 = -13*q + p*q + 4872. Is 14 a factor of q?
True
Let c = 168 - 357. Let w = -92 - c. Let l = w + 42. Is 20 a factor of l?
False
Let k = 54 + -49. Suppose k = -2*q + 85. Is q a multiple of 4?
True
Let v = -129 - -198. Suppose 5*s - v = 211. Is s a multiple of 7?
True
Suppose -4 = 2*w - 20. Suppose x + 2*j - w = 0, x + 5 - 19 = -4*j. Is 30 a factor of 1 + -4 - (-91 - x)?
True
Suppose 26346 = -3*x - 8*x + 140757. Does 21 divide x?
False
Suppose 5*p + 37 = 4*k, p - 1 = 2*p. Suppose 3*q = -3*l + 27, -4*q - l + 29 = k. Let w(o) = o**3 - 2*o**2 - o - 7. Is 3 a factor of w(q)?
True
Suppose 4*s + 2*l + 2*l = -512, 5*l + 10 = 0. Let r = s - -1537. Does 14 divide r?
False
Suppose 2*i + t - 28 = 6*t, 12 = i - 2*t. Suppose o = -5*q - 103, i*q + 3*o + 0*o = -89. Is (-28)/((-2)/(-4) - q/(-8)) a multiple of 7?
True
Suppose 29*a - 14*a = 0. Suppose y + 39 = 4*f + 4*y, -2*y + 10 = a. Is f a multiple of 3?
True
Let w = 209 + -93. Suppose -4*q + 3*j = w, -q + 2*j = -0*j + 29. Does 18 divide (-5 - q)*(-3)/(-4)?
True
Let j = 8634 + -5983. Is 5 a factor of j?
False
Suppose -94*c + 91*c = -45. Suppose 14*q - c*q + 840 = 0. Does 30 divide q?
True
Let f(u) be the first derivative of 31*u**2/2 - 107*u - 15. Does 16 divide f(5)?
True
Let m(w) = 29 + 2*w**2 - 19*w + 15*w**2 + 4*w - w**2. Let l(q) = -48*q**2 + 44*q - 86. Let p(j) = -3*l(j) - 8*m(j). Does 18 divide p(4)?
True
Let s(j) = -j**2 - 16*j - 16. Suppose 41*d - 13*d + 224 = 0. Does 6 divide s(d)?
True
Suppose 0 = 5*d + 10, -4*j + 4*d - 2*d = -52. Suppose j*g = 5*g + 14. Suppose 0 = g*k + 5*z - 125, 2*z - 193 = -2*k - k. Is k a multiple of 12?
False
Suppose 0 = 3*r - 24 - 147. Let j = r - 52. Suppose -h + 534 = j*h. Does 13 divide h?
False
Let z(b) = -b**3 - 7*b**2 - 17*b - 268. Does 46 divide z(-9)?
False
Suppose -13*o + 4795 = 440. Suppose 4*h + 12*z = 17*z + 450, -3*h = -5*z - o. Does 89 divide h?
False
Suppose -12200 = -30*j + 13480. Is 7 a factor of j?
False
Suppose -4*j = -1014 + 1022. Does 34 divide (-89 + -1)/j - (1 - 0)?
False
Let t(m) = 253*m**3 + 12*m**2 - 21*m + 12. Does 42 divide t(3)?
True
Suppose -17*j = -27*j + 120. Suppose 5452 = j*k + 412. Does 14 divide k?
True
Let j be 6/33 - 1668/(-22). Let b = 1911 - 1911. Suppose -5*h + 202 = -3*p + 2*p, -2*h - 2*p + j = b. Is 20 a factor of h?
True
Suppose -17*s + 12*s - 300 = 0. Let t = s - -60. Let u = t + 20. Is u a multiple of 2?
True
Let s(l) = l**2 - 14*l + 58. Let t be s(7). Let z(h) = 72*h - 48. Is 10 a factor of z(t)?
True
Let a = -4508 + 9170. Is 18 a factor of a?
True
Let s = -195 - -208. Suppose -s*b = -18*b + 405. Does 42 divide b?
False
Let j = -12645 + 17858. Is 60 a factor of j?
False
Suppose -12 = -4*n, -2*n + 7*n - 23419 = -4*m. Is m a multiple of 7?
False
Suppose 9*j = -3*w + 7*j, 3*j = -2*w - 5. Is (-15275)/(-40) - (w - 17/8) a multiple of 12?
False
Let l(r) = -24*r + 555. Is l(0) a multiple of 15?
True
Let z(t) = 20*t**3 - 89*t**2 - 30*t - 205. Let s(h) = -7*h**3 + 30*h**2 + 10*h + 68. Let c(m) = 17*s(m) + 6*z(m). Does 34 divide c(25)?
False
Let v be (19 - 1) + -5 - 9. Suppose -3*f = -v*q + 573, -5*q + 0*f = -5*f - 715. Is 21 a factor of q?
False
Let i(b) = -b**3 - 8*b**2 - 3*b - 10. Let y(q) be the first derivative of -q**4/4 + 4*q**3/3 + q**2/2 + 12*q - 9. Let x be y(5). Is 2 a factor of i(x)?
True
Suppose 47282 - 256154 = -54*h. Does 10 divide h?
False
Suppose -23*v - 1138368 = -62*v - 25*v. Is v a multiple of 34?
False
Let u = 0 - -26. Let i(n) = 18*n + 1539. Let t be i(-86). Is 14 a factor of 25/15 + (-3)/t + u?
True
Let k = -276 + 24168. Is k a multiple of 66?
True
Let r(a) = -3*a**3 + 94*a**2 + 13*a - 116. Does 24 divide r(31)?
True
Let m(h) = 6*h + 9. Let p be m(4). Suppose 25 = 3*q + 4*z, 4*q + 0*q + 5*z - p = 0. Suppose -q*w = -3*w - 36. Is w a multiple of 9?
True
Suppose 1138*p + 53323 = 5*m + 1137*p, m - p = 10667. Is 62 a factor of m?
True
Suppose 1852*k = 1857*k + 4*d - 139336, -k = d - 27869. Does 14 divide k?
True
Let 